/((-6)/(-88)). Let v be 4*(3 - 0 - u). Is v/12*(-3)/1 composite?
False
Let j = -19 - -30. Suppose -j*h = -6*h - 1910. Suppose -2*n + 4*n - h = 0. Is n composite?
False
Let i(g) = 6*g**2 - 11*g + 23. Let m be i(10). Suppose 0 = 5*d - 2*d - m. Is 0 + 0 - d/(-9) a prime number?
True
Suppose 2*v = -4*w + 3*v + 15, -4*w = v - 25. Suppose -5*o + 3*o + 4*s = -118, -w*o = -4*s - 265. Is o prime?
False
Suppose u + 3*u = 3*o - 16, 2*o - 3*u = 11. Suppose -k = k - 3*i - 51, o*i = 5*k - 110. Is (k/4 - 4)*118 a composite number?
False
Is (-94509)/(-45) + (-6)/5 prime?
True
Let w be 3/(90/279642) - 2/5. Suppose 10*y - w = -3*y. Is y composite?
True
Let t = -702 - -1369. Is t a composite number?
True
Suppose -5*c + 3*l + 3 = 0, 2*c + 3 = l + 4. Suppose 10*j - 2*j - 2456 = c. Is j a composite number?
False
Let l = -30 - -492. Let j be (-43 + -24)/(1/(-2)*1). Suppose 4*y - j = l. Is y prime?
True
Let s = -34 + 41. Suppose 2394 - 847 = s*a. Is a prime?
False
Let t(q) = 89*q**2 + 4. Let f be t(-4). Let w = 2547 - f. Suppose -z - 371 + w = -5*v, -3*z + 2304 = 5*v. Is z a prime number?
False
Let z be -256 + 2/5*5. Let p be (-18)/2*z/6. Suppose -n + p = 72. Is n composite?
True
Let j be (-10)/3 - (-4)/(-6). Is 21 + -17 + 38*(-50)/j composite?
False
Let n(q) = q - 4. Let x be n(2). Is x + 48/26 + (-224875)/(-91) a prime number?
False
Suppose -4*p + 28287 + 2897 = 0. Suppose 8*v = 4*v + p. Is v a composite number?
False
Suppose -7989 = -6*n + 3825. Is n a composite number?
True
Let v(c) = c**3 - 3*c**2 - 5*c + 14. Let t be v(4). Let p = 0 + 2. Is p/t + 2688/35 prime?
False
Suppose -70130 = 50*m - 60*m. Is m a prime number?
True
Suppose -697 - 208 = -5*v. Let i(m) = -5*m**2 - 31*m - 4. Let h be i(-6). Suppose -h*k = -x + v, -x = -k - 135 - 49. Is x composite?
True
Let y be 494 - -2 - -3 - 0. Suppose 2*o + 2*o = 12, -h - 4*o + y = 0. Is h prime?
True
Suppose 3*z + 173 = 2558. Suppose 2*x - 2871 + z = 0. Suppose -5*u + 4*r + 753 + 540 = 0, x = 4*u - 5*r. Is u a composite number?
False
Let g = -28 - -31. Suppose 0 = t + g*h - 797, -4*t + 0*t - 3*h + 3224 = 0. Is t a prime number?
True
Let r = -636 - -1619. Is r a composite number?
False
Suppose 5*z - 59 = 4*u, 5*u + 52 = -2*z + z. Let i = 7 + u. Let b(d) = -d**3 - 2*d**2 + 4*d - 6. Is b(i) a composite number?
True
Let u = -50 + 16. Let k = -40 - u. Let v(y) = -y**3 + 6*y**2 - 4*y - 5. Is v(k) composite?
True
Let v(n) be the second derivative of -617*n**3/6 + 19*n**2/2 + 6*n. Let u(y) = -309*y + 9. Let s(t) = 9*u(t) - 4*v(t). Is s(-2) composite?
False
Let o(k) = -2*k**3 + 5*k**2 + 6*k - 6. Is o(-7) composite?
False
Suppose 18*r - 32*r + 14602 = 0. Is r prime?
False
Is 4/(-18) + -146002*3/(-54) a prime number?
True
Let g(r) = 2*r**2 - 1. Let l be g(2). Let n be 1372/l - (-3 - -1). Let s = 359 - n. Is s a prime number?
False
Let l = -102 - -106. Suppose 53 = l*q - 591. Is q a composite number?
True
Suppose -4*j = -4, -2*s + 5769 = -j + 1202. Let c be (-2)/(-18) + 0 - (-1222)/423. Is (c/(-2))/((-6)/s) composite?
False
Let u(f) = 10008*f**2 - 10*f + 9. Is u(1) prime?
True
Let k = -13 - -14. Suppose 2*f - 12 = 5*m, k = -5*f + 6. Let w(a) = 20*a**2 - a + 1. Is w(m) prime?
True
Suppose 5*d = 4*y + 1625, 5*d + 3*y - 1665 = -y. Is d a prime number?
False
Let o(q) = 11*q**2 - q + 9. Let d be o(3). Suppose -d = 2*r - 851. Is r a prime number?
True
Suppose 4*t - 18 = 10. Suppose -9*j + t*j + 614 = 0. Is j a composite number?
False
Let z = -2869 - -5332. Is z a prime number?
False
Let j(d) = -3*d**3 + d**2 + d. Let r be j(-1). Suppose 2*v + 2*b = 502, r = -2*b - 1. Is v a composite number?
True
Suppose 1385 = 5*p - 5*q, -5*p + 748 + 635 = -4*q. Suppose 5*x = 5*t + p, -2*t - 151 + 6 = 5*x. Is 4/(-10) + (-31284)/t prime?
True
Let c(s) = 5*s**3 - 3*s**2 + 3*s - 2. Let n be c(2). Let t be n/40*(-110)/(-4). Suppose 2*g - t = -4*b, 5*g + 4 = 3*b + 20. Is b prime?
True
Suppose -l = -2*r - 3341, 2*r + 3344 = l + 3*r. Is l a prime number?
True
Suppose 123577 = 9*c + 8296. Is c a composite number?
False
Let h(o) = 57*o + 4. Let w(g) = -50*g - 3. Let f(z) = 6*h(z) + 5*w(z). Suppose 21 = -a - 5*k, -4*a + 4*k = -2 - 34. Is f(a) a composite number?
True
Let w be (-6)/(-9)*(-30)/(-4). Suppose -w*i + 3 = 4*s, 4*i = 2*s - 4*s. Suppose -4*j + s*g + 840 = 0, -625 = -3*j + 3*g + g. Is j prime?
True
Suppose -505039 = -38*h - 158061. Is h composite?
True
Suppose c - 3*c - 12 = 0. Let s be (-948)/7 - c/14. Let i = s - -218. Is i prime?
True
Suppose -4*n = -5*n. Suppose -5*t + 0*t - 5*q + 175 = n, 2*q = 5*t - 203. Let r = -28 + t. Is r a composite number?
False
Let y be (-24)/12 - (-7 + (1 - 0)). Suppose 0 = -0*w - y*w + 388. Is w prime?
True
Let v = -35 - -27. Let s be v/24 + 3205/3. Suppose -s - 1187 = -5*q. Is q composite?
True
Let w be -3 - -13*(-4 + 5). Suppose 8625 = w*o - 2525. Is o a prime number?
False
Is 11 + (-2816723)/(-35) - (-2)/10 a composite number?
False
Suppose -g - 1 - 2 = 0. Let l(q) = 80*q**2 + 4*q + 5. Is l(g) prime?
False
Let x(i) = -i**3 - 8*i**2 + 11*i + 4. Let p be x(-8). Let z = p + 49. Is 1782/14 - (-10)/z composite?
False
Let d(t) = 30*t**3 + 2*t**2 + 32*t - 31. Is d(8) prime?
False
Let g = -18 - -304. Is 595210/g + 2/(-13) a composite number?
False
Let c(y) = 4*y**3 - y**2 + 2*y - 1. Let s be c(1). Suppose -5*u - s*a = 976, 0 = -5*a + 1 + 4. Is ((-26)/8)/(7/u) prime?
False
Suppose 0 = -10*s - 1610 - 480. Let o = 56 - s. Is o a composite number?
True
Let r(h) = h**3 - 6*h**2 - 13*h + 5. Let n(w) = w**2 - 11*w + 9. Let x be n(11). Is r(x) composite?
False
Let n = 8838 + -5236. Is n prime?
False
Let l = 715 - -5451. Suppose 0 = 5*i + 3*r - 6396 - l, -4*r - 4 = 0. Is i a prime number?
False
Suppose -2*l + 76946 = 4*s, -23145 = -2*s + 4*l + 15343. Is s a composite number?
True
Let m(u) = -u**3 + 35*u**2 - 45*u - 110. Is m(31) prime?
True
Suppose 3*m + 4*m = 4*m. Is -1255*(-6 + 5) + m a composite number?
True
Let z be ((-260)/(-8))/(2/196). Suppose 8*d + z = 11825. Suppose 4*x - 285 = 3*x + 5*i, -5*i = -4*x + d. Is x a composite number?
True
Suppose 5*m + y - 24 = 0, 0*y - 5*y - 25 = -4*m. Suppose 0 = m*b - 27 + 7. Suppose 3*a = 5*i - 3*i + 409, 3*a = -b*i + 379. Is a prime?
False
Suppose -3*u + 26 = q, 5*u - 2*q + q - 54 = 0. Suppose -26 = -2*a + u. Is ((-2)/3)/(a/(-32697)) composite?
True
Let t be (-12)/((-3)/(-390)*-3). Let w = t - 187. Suppose -4*s + 3*o = -456, -o + 107 - w = -2*s. Is s a prime number?
False
Suppose 45 = -2*r + 411. Let q = 19 - r. Is 4/1*q/(-8) prime?
False
Let h be -27*5/(60/(-8)). Suppose u - h = -2*u. Is (-1 + 9/u)*4 composite?
False
Is (-12585)/(-20)*-2*(-12)/18 a composite number?
False
Suppose 1462 + 2675 = 7*c. Is c composite?
True
Let s(a) = -133*a**3 - 13*a**2 + 5*a - 89. Is s(-10) a composite number?
False
Let p = 753 + 222. Let k = 188 + p. Is k a prime number?
True
Suppose -2330*w + 4489 = -2329*w. Is w prime?
False
Let d be (-30)/(-12) + -1 - (-1)/(-2). Let h(s) = -s + 2. Let z be h(0). Is (-7 - -69) + d + z prime?
False
Suppose 4*t - t + 5*i = -27, 2*t - 5*i = -43. Let z(a) = -8*a + 9. Is z(t) composite?
True
Let i(v) = -4233*v + 122. Is i(-5) prime?
False
Is ((-1)/(-4))/(4/(-91952)*-7) prime?
True
Let c be 5/(1/(-3) + (-34)/(-12)). Suppose -2*d + 522 = 5*z, -4*d + c*z - z = -1000. Is d composite?
False
Let y(a) = 2*a**3 + 6*a - 7*a - a**2 - 3*a**3 + 52 + 2*a**3. Let n be y(0). Suppose 45 + n = v. Is v a prime number?
True
Let x(n) = -2*n**3 - n**2 + 3*n. Let f be x(-2). Is ((-12)/15)/(f/(-7545)) a composite number?
True
Suppose 4*q - 51 = 5*n, 2*q = 2*n + 21 + 5. Suppose -5*g + q + 6 = 0. Suppose -3*t + 7*t + g*p = 580, 5*t + 3*p - 725 = 0. Is t prime?
False
Suppose 3*p - p - 2*f = 165496, -2*p + 165520 = 4*f. Is (-3)/(-7) + p/168 a composite number?
True
Let l = 239 + -151. Suppose 231 = 2*o - v, -2*o - v - l = -309. Suppose b + 0*b = o. Is b prime?
True
Let f(j) = -639*j - 148. Is f(-5) composite?
True
Let u(n) = n**3 - 6*n**2 - 2*n + 8. Let t(o) = o**3 - 6*o**2 - 3*o + 9. Let y be (-5)/(-25) + 62/(-10). Let r(g) = y*u(g) + 5*t(g). Is r(-5) a composite number?
True
Let t = -159 - -246. Suppose 708 = 5*j + u, -2*j + u = -3*u - 292. Let s = j - t. Is s prime?
False
Let f(a) = 459*a**3 + 6*a**2 - 64*a + 56. Is f(5) a prime number?
False
Suppose -3*v - 2*j = 2*v - 10, v + 5*j = 2. Suppose -v*t 